 1031*l + 627847. Calculate k(-609).
-32
Let c(r) = 2478*r + 1100211. Calculate c(-444).
-21
Let y(g) = g**2 + 3*g - 321. Give y(-20).
19
Let i(o) = -227266*o + 19317610. Determine i(85).
0
Let f(n) = 275*n**2 - 311*n - 310. Calculate f(-1).
276
Let n(l) = -16*l**2 - 21058*l - 83983. Calculate n(-4).
-7
Let y(i) = -22*i**2 + 188*i - 179. What is y(1)?
-13
Let f(o) = 358*o - 138897. Calculate f(388).
7
Let s(g) = -1428*g + 52387. What is s(35)?
2407
Let d(u) = 1676*u - 41893. Determine d(25).
7
Let t(q) = -28*q - 685. Give t(-13).
-321
Let i(x) = -18*x**3 + 38*x**2 - 104*x + 123. What is i(2)?
-77
Let k(m) = m**3 + 189*m**2 + 1275*m - 10. Calculate k(-7).
-17
Let u(v) = v**3 - 280*v**2 - 543*v - 5719. Give u(282).
203
Let i(a) = -8*a**3 - 325*a**2 + 3546*a + 244. Give i(9).
1
Let o(h) = -1913*h + 30216. Calculate o(16).
-392
Let x(c) = -2*c**3 - 509*c**2 - 14439*c - 2017. Determine x(-222).
-19
Let m(r) = r**3 - 467*r**2 - 23562*r + 1661. What is m(-46)?
5
Let w(h) = -15*h**2 + 245*h - 972. Calculate w(4).
-232
Let i(k) = k**2 + 735*k - 2257. Give i(3).
-43
Let p(t) = t**3 - 11*t**2 + 84*t + 327. Calculate p(-5).
-493
Let z(y) = -5*y**3 + 156*y**2 + 458*y + 197. Determine z(34).
-415
Let f(q) = 2*q**3 + 100*q**2 - 786*q - 154. What is f(7)?
-70
Let p(k) = 152*k**2 + 34367*k + 3387. Determine p(-226).
-3
Let q(t) = 868*t + 132837. Determine q(-153).
33
Let q(f) = f**3 + 50*f**2 - 1228*f - 185. Determine q(-68).
87
Let x(n) = n**2 - 99*n + 1510. Give x(15).
250
Let m(r) = -161823*r + 1456413. Calculate m(9).
6
Let k(p) = -2*p**3 - 47*p**2 - 13*p - 857. Determine k(-24).
31
Let a(o) = o**3 - 22*o**2 - 21*o + 1861. Give a(17).
59
Let m(z) = 2*z**3 + 23*z**2 + 12*z + 85. What is m(-12)?
-203
Let d(z) = 401*z + 147431. What is d(-365)?
1066
Let a(g) = -85*g**2 - 1063*g - 960. What is a(-11)?
448
Let x(t) = -288184*t + 1440928. Calculate x(5).
8
Let c(d) = 7*d**2 + 196*d + 233. Determine c(-30).
653
Let d(b) = -b**3 - 23*b**2 + 1127*b + 26438. What is d(-24)?
-34
Let v(q) = -56*q + 11435. Give v(197).
403
Let y(x) = 2*x**2 - 2122*x - 229681. Calculate y(-99).
-1
Let w(c) = -62*c**2 - 17172*c + 17173. Give w(1).
-61
Let v(r) = r**3 - 58409*r - 583113. Give v(-10).
-23
Let c(v) = 323*v - 3475. Give c(9).
-568
Let a(c) = 4*c**3 - 453*c**2 - 2745*c + 42. What is a(-6)?
-660
Let q(x) = 6*x**2 + 60*x + 270. Calculate q(-5).
120
Let o(q) = 8452*q + 456392. Determine o(-54).
-16
Let b(n) = n**2 - 2105*n - 379516. What is b(-167)?
-92
Let j(t) = -614*t**2 - 1311*t + 37. Give j(-2).
203
Let c(v) = -13*v**2 + 51*v - 47. Give c(5).
-117
Let w(i) = -374*i**2 + 6*i + 114. Calculate w(3).
-3234
Let d(c) = -c**3 - 152*c**2 - 1799*c + 1099. Calculate d(-139).
-13
Let h(t) = -4*t**2 + 248*t + 10556. Determine h(91).
0
Let k(l) = l**2 - 2242*l + 313778. Give k(150).
-22
Let y(q) = -3*q**2 + 24*q + 42. What is y(4)?
90
Let z(m) = 2858*m - 1243212. Determine z(435).
18
Let r(a) = a**3 + 133*a**2 + 154*a + 3788. Give r(-132).
884
Let f(s) = 1712*s + 28976. Give f(-17).
-128
Let d(p) = -114*p + 5904. Give d(49).
318
Let r(i) = 147*i**3 + 1188*i**2 + 100*i + 47. What is r(-8)?
15
Let d(x) = 4*x**3 - 1628*x**2 - 6582*x + 2469. Determine d(411).
3
Let f(o) = 14231*o + 12864825. Determine f(-904).
1
Let j(z) = -22897*z - 709816. Give j(-31).
-9
Let g(x) = -501*x**2 + 3960*x + 11. What is g(8)?
-373
Let f(v) = 1340*v + 1206007. Determine f(-900).
7
Let b(n) = n**2 + 62*n - 746. What is b(10)?
-26
Let h(u) = -u**3 + 33*u**2 - 166*u + 205. Determine h(26).
621
Let y(i) = -3*i**2 - 292*i - 5039. Determine y(-75).
-14
Let m(u) = -u**2 + 60*u + 1315. Calculate m(-17).
6
Let c(d) = 29*d**3 + 2820*d**2 + 680*d + 113. What is c(-97)?
16
Let n(g) = -97726*g - 1465812. Give n(-15).
78
Let a(q) = -370*q - 6006. Determine a(-10).
-2306
Let p(d) = -d**3 + 4*d**2 - 27451*d + 164777. Determine p(6).
-1
Let y(v) = 47*v - 534. What is y(-15)?
-1239
Let r(u) = u**2 - 8105*u + 1325642. Calculate r(167).
-4
Let x(u) = -u**3 - 123*u**2 + 463*u + 738. Calculate x(5).
-147
Let w(a) = 3104*a + 15501. What is w(-5)?
-19
Let s(u) = 21385*u - 833892. Calculate s(39).
123
Let y(v) = 93*v**2 - 12425*v - 4918. Give y(134).
40
Let u(d) = d**3 - 10*d**2 - 113*d - 1155. What is u(19)?
-53
Let k(z) = z**3 + 215*z**2 + 9718*z - 4799. What is k(-150)?
1
Let n(x) = -92244*x - 3136300. What is n(-34)?
-4
Let b(m) = 223362*m + 1563521. Give b(-7).
-13
Let f(s) = -22*s**2 + 300*s - 1119. Determine f(9).
-201
Let u(m) = 13*m**2 - 238*m - 1811. What is u(-8)?
925
Let z(h) = -9*h - 2066. Calculate z(-118).
-1004
Let q(m) = -m**3 - 17*m**2 + 367*m + 1657. Give q(-28).
5
Let g(d) = 14281*d - 214357. What is g(15)?
-142
Let u(q) = 443*q - 30820. Give u(70).
190
Let x(d) = 239*d**2 - 2140*d + 10. Calculate x(9).
109
Let a(f) = -f**3 - 130*f**2 - 261*f - 488. Calculate a(-128).
152
Let m(k) = -k**3 + 13*k**2 + 50*k - 9. What is m(-3)?
-15
Let d(r) = r**3 + 39*r**2 + 21*r - 429. Determine d(-38).
217
Let y(k) = -5965*k - 60838. Calculate y(-10).
-1188
Let c(p) = -6*p**3 + 24*p**2 + 98*p - 340. Calculate c(5).
0
Let p(q) = 789*q + 44326. What is p(-56)?
142
Let t(f) = -3*f**3 - 58*f**2 - 254*f - 290. Give t(-4).
-10
Let r(o) = 4117*o + 53193. What is r(-13)?
-328
Let q(r) = -486*r + 36596. What is q(81)?
-2770
Let d(x) = 4*x**2 - 245*x - 15655. What is d(-39)?
-16
Let d(s) = -20*s**2 - 6277*s - 4973. Calculate d(-313).
348
Let y(b) = -149066*b - 1788806. Give y(-12).
-14
Let g(d) = -29*d**2 - 64996*d + 129997. What is g(2)?
-111
Let l(d) = 39175*d**2 + 391744*d - 49. Calculate l(-10).
11
Let y(f) = 15*f**2 + 50*f - 599. What is y(11)?
1766
Let l(a) = -287*a**2 + 2731*a - 2731. Give l(1).
-287
Let g(y) = 22*y**2 - 449*y - 17155. Give g(40).
85
Let l(q) = 935*q - 20341. What is l(19)?
-2576
Let a(l) = -20*l + 1821. What is a(79)?
241
Let l(w) = 2*w**2 + 33414*w + 1200315. Calculate l(-36).
3
Let l(s) = 6*s**2 + 9858*s + 68944. Calculate l(-7).
232
Let h(b) = -594*b - 77381. Determine h(-130).
-161
Let n(h) = 2*h**2 + 1661*h + 33811. Give n(-21).
-188
Let i(t) = -t**2 + 11304*t - 1573979. Give i(141).
4
Let l(n) = n**3 + 5*n**2 + 7*n + 30. Determine l(-4).
18
Let t(z) = 2*z**3 - 11*z**2 + 889*z - 5358. Give t(6).
12
Let q(u) = -2*u**3 + 151*u**2 - 1059*u + 704. What is q(7)?
4
Let l(h) = 3679*h - 3178675. What is l(864)?
-19
Let q(l) = 4*l**3 - 7*l**2 - 135*l + 688. Calculate q(5).
338
Let q(i) = -i**3 + 27*i**2 - 33*i + 836. What is q(27)?
-55
Let j(h) = -h**3 + 12*h**2 + 182*h - 1001. Determine j(19).
-70
Let l(n) = 3*n**2 - 57*n + 532. What is l(26)?
1078
Let f(t) = 3869*t + 19294. Give f(-5).
-51
Let q(c) = 635*c + 4345. Determine q(-7).
-100
Let d(m) = m**2 + 139*m + 1902. Give d(-123).
-66
Let w(o) = -o**3 - 76*o**2 + 330*o + 7389. What is w(-79)?
42
Let c(q) = -102*q**2 + 1652*q + 3354. Calculate c(18).
42
Let j(t) = -t**3 + 399*t**2 - 13722*t + 908. Calculate j(361).
-536
Let h(o) = -o**3 + 41*o**2 - 211*o + 87. Give h(11).
1396
Let g(y) = -y**2 + 43031*y + 688771. Determine g(-16).
19
Let h(j) = 4*j**3 - 1685*j**2 + 658*j - 99793. Give h(421).
-16
Let c(n) = -766*n**3 + 3*n**2 + 338*n - 340. Determine c(1).
-765
Let f(o) = -752*o - 8276. Give f(-7).
-3012
Let z(c) = 9*c**2 + 370*c + 853. Determine z(-46).
2877
Let u(f) = -9*f**2 - 928*f - 642. Calculate u(-102).
378
Let r(z) = 73*z**2 - 111*z - 330. Determine r(-3).
660
Let f(r) = -387*r**2 + 6610*r - 701. Calculate f(17).
-174
Let z(t) = 2*t**2 - 9254*t + 220918. Give z(24).
-26
Let b(g) = -227976*g + 911947. What is b(4)?
43
Let l(j) = -8*j**2 + 270*j + 5832. What is l(-15)?
-18
Let w(g) = -7*g**3 + 172*g**2 - 90*g - 134. Determine w(24).
10
Let d(p) = -7*p**2 - 247*p - 1646. What is d(-24)?
250
Let o(u) = u**2 - 35245*u + 387567. Give o(11).
-7
Let o(n) = n**3 + 706*n**2 + 1996*n + 413973. Determine o(-704).
21
Let r(a) = 3*a**2 - 1181*a + 16473. Give r(14).
527
Let l(z) = -z**3 + 25*z**2 - 16*z - 384. Determine l(17).
1656
Let x(i) = 11279*i - 778267. Give x(69).
-16
Let r(f) = f**2 + 65*f - 23643. Calculate r(-190).
107
Let t(r) = 8*r**2 - 163*r + 787. Calculate t(19).
578
Let b(q) = -5*q**3 - 72*q**2 + 252*q + 3112. Give b(-15).
7
Let x(f) = -107*f**2 + 177*f + 166. Give x(5).
-1624
Let h(u) = 2*u**2 - 175*u - 4247. Determine h(-20).
53
Let y(i) = -79*i**2 + 86